{"id":15,"date":"2023-11-21T08:38:26","date_gmt":"2023-11-21T07:38:26","guid":{"rendered":"http:\/\/heidis.datanom.fi\/stader\/?page_id=15"},"modified":"2023-11-21T08:38:26","modified_gmt":"2023-11-21T07:38:26","slug":"reykjavik","status":"publish","type":"page","link":"https:\/\/heidis.datanom.fi\/stader\/reykjavik\/","title":{"rendered":"Reykjavik"},"content":{"rendered":"\n<p>Reykjavik (isl\u00e4ndska Reykjav\u00edk), \u00e4r Islands huvudstad och st\u00f6rsta stad. Namnet betyder R\u00f6kvik eller snarare R\u00f6kavik, det vill s\u00e4ga &#8221;r\u00f6karnas vik&#8221;. Detta namn fick viken och trakten efter anblicken av gejsrarnas \u00e5ngpelare, fr\u00e5n de varma k\u00e4llor som \u00e4n idag ligger i n\u00e4rheten.<\/p>\n\n\n\n<p>Reykjavik \u00e4r v\u00e4rldens nordligaste och Europas v\u00e4stligast bel\u00e4gna huvudstad. Staden ligger p\u00e5 latitud 64\u00b008&#8242; N, inte l\u00e5ngt fr\u00e5n polcirkeln, som ligger p\u00e5 66\u00b033&#8242; N. Under den m\u00f6rkaste \u00e5rstiden lyser solen endast fyra timmar per dag, och under sommaren \u00e4r det dagsljus n\u00e4stan dygnet runt. Reykjavik ligger p\u00e5 sydv\u00e4stra Island, p\u00e5 Faxafl\u00f3is s\u00f6dra strand. Den har omkring 120 000 inv\u00e5nare och \u00e4r mittpunkt f\u00f6r Islands ekonomiska aktivitet.<\/p>\n\n\n\n<p>Reykjavik antas vara den f\u00f6rsta permanenta bos\u00e4ttningen p\u00e5 Island, den ska grundats omkring \u00e5r 870 av Ing\u00f3lfur Arnarson. Fram till 1900-talet fanns dock ingen stadsbebyggelse p\u00e5 platsen. Staden i sig grundades 1786 som en officiell handelsstad och v\u00e4xte kraftigt under de n\u00e4rmaste \u00e5rtiondena, d\u00e5 den utvecklades till ett regionalt centrum f\u00f6r kommers, befolkning och regeringsaktiviteter.<\/p>\n","protected":false},"excerpt":{"rendered":"<p>Reykjavik (isl\u00e4ndska Reykjav\u00edk), \u00e4r Islands huvudstad och st\u00f6rsta stad. Namnet betyder R\u00f6kvik eller snarare R\u00f6kavik, det vill s\u00e4ga &#8221;r\u00f6karnas vik&#8221;. Detta namn fick viken och trakten efter anblicken av gejsrarnas \u00e5ngpelare, fr\u00e5n de varma k\u00e4llor som \u00e4n idag ligger i n\u00e4rheten. Reykjavik \u00e4r v\u00e4rldens nordligaste och Europas v\u00e4stligast bel\u00e4gna huvudstad. Staden ligger p\u00e5 latitud 64\u00b008&#8242; [&hellip;]<\/p>\n","protected":false},"author":1,"featured_media":0,"parent":0,"menu_order":0,"comment_status":"closed","ping_status":"closed","template":"","meta":{"footnotes":""},"class_list":["post-15","page","type-page","status-publish","hentry"],"yoast_head":"<!-- This site is optimized with the Yoast SEO plugin v21.5 - https:\/\/yoast.com\/wordpress\/plugins\/seo\/ -->\n<title>Reykjavik - Nordens huvudst\u00e4der<\/title>\n<meta name=\"robots\" content=\"index, follow, max-snippet:-1, max-image-preview:large, max-video-preview:-1\" \/>\n<link rel=\"canonical\" href=\"https:\/\/heidis.datanom.fi\/stader\/reykjavik\/\" \/>\n<meta property=\"og:locale\" content=\"sv_SE\" \/>\n<meta property=\"og:type\" content=\"article\" \/>\n<meta property=\"og:title\" content=\"Reykjavik - Nordens huvudst\u00e4der\" \/>\n<meta property=\"og:description\" content=\"Reykjavik (isl\u00e4ndska Reykjav\u00edk), \u00e4r Islands huvudstad och st\u00f6rsta stad. Namnet betyder R\u00f6kvik eller snarare R\u00f6kavik, det vill s\u00e4ga &#8221;r\u00f6karnas vik&#8221;. Detta namn fick viken och trakten efter anblicken av gejsrarnas \u00e5ngpelare, fr\u00e5n de varma k\u00e4llor som \u00e4n idag ligger i n\u00e4rheten. Reykjavik \u00e4r v\u00e4rldens nordligaste och Europas v\u00e4stligast bel\u00e4gna huvudstad. Staden ligger p\u00e5 latitud 64\u00b008&#8242; [&hellip;]\" \/>\n<meta property=\"og:url\" content=\"https:\/\/heidis.datanom.fi\/stader\/reykjavik\/\" \/>\n<meta property=\"og:site_name\" content=\"Nordens huvudst\u00e4der\" \/>\n<meta name=\"twitter:card\" content=\"summary_large_image\" \/>\n<meta name=\"twitter:label1\" content=\"Ber\u00e4knad l\u00e4stid\" \/>\n\t<meta name=\"twitter:data1\" content=\"1 minut\" \/>\n<script type=\"application\/ld+json\" class=\"yoast-schema-graph\">{\"@context\":\"https:\/\/schema.org\",\"@graph\":[{\"@type\":\"WebPage\",\"@id\":\"https:\/\/heidis.datanom.fi\/stader\/reykjavik\/\",\"url\":\"https:\/\/heidis.datanom.fi\/stader\/reykjavik\/\",\"name\":\"Reykjavik - Nordens huvudst\u00e4der\",\"isPartOf\":{\"@id\":\"https:\/\/heidis.datanom.fi\/stader\/#website\"},\"datePublished\":\"2023-11-21T07:38:26+00:00\",\"dateModified\":\"2023-11-21T07:38:26+00:00\",\"breadcrumb\":{\"@id\":\"https:\/\/heidis.datanom.fi\/stader\/reykjavik\/#breadcrumb\"},\"inLanguage\":\"sv-SE\",\"potentialAction\":[{\"@type\":\"ReadAction\",\"target\":[\"https:\/\/heidis.datanom.fi\/stader\/reykjavik\/\"]}]},{\"@type\":\"BreadcrumbList\",\"@id\":\"https:\/\/heidis.datanom.fi\/stader\/reykjavik\/#breadcrumb\",\"itemListElement\":[{\"@type\":\"ListItem\",\"position\":1,\"name\":\"Hem\",\"item\":\"https:\/\/heidis.datanom.fi\/stader\/\"},{\"@type\":\"ListItem\",\"position\":2,\"name\":\"Reykjavik\"}]},{\"@type\":\"WebSite\",\"@id\":\"https:\/\/heidis.datanom.fi\/stader\/#website\",\"url\":\"https:\/\/heidis.datanom.fi\/stader\/\",\"name\":\"Nordens huvudst\u00e4der\",\"description\":\"\",\"potentialAction\":[{\"@type\":\"SearchAction\",\"target\":{\"@type\":\"EntryPoint\",\"urlTemplate\":\"https:\/\/heidis.datanom.fi\/stader\/?s={search_term_string}\"},\"query-input\":\"required name=search_term_string\"}],\"inLanguage\":\"sv-SE\"}]}<\/script>\n<!-- \/ Yoast SEO plugin. -->","yoast_head_json":{"title":"Reykjavik - Nordens huvudst\u00e4der","robots":{"index":"index","follow":"follow","max-snippet":"max-snippet:-1","max-image-preview":"max-image-preview:large","max-video-preview":"max-video-preview:-1"},"canonical":"https:\/\/heidis.datanom.fi\/stader\/reykjavik\/","og_locale":"sv_SE","og_type":"article","og_title":"Reykjavik - Nordens huvudst\u00e4der","og_description":"Reykjavik (isl\u00e4ndska Reykjav\u00edk), \u00e4r Islands huvudstad och st\u00f6rsta stad. Namnet betyder R\u00f6kvik eller snarare R\u00f6kavik, det vill s\u00e4ga &#8221;r\u00f6karnas vik&#8221;. Detta namn fick viken och trakten efter anblicken av gejsrarnas \u00e5ngpelare, fr\u00e5n de varma k\u00e4llor som \u00e4n idag ligger i n\u00e4rheten. Reykjavik \u00e4r v\u00e4rldens nordligaste och Europas v\u00e4stligast bel\u00e4gna huvudstad. Staden ligger p\u00e5 latitud 64\u00b008&#8242; [&hellip;]","og_url":"https:\/\/heidis.datanom.fi\/stader\/reykjavik\/","og_site_name":"Nordens huvudst\u00e4der","twitter_card":"summary_large_image","twitter_misc":{"Ber\u00e4knad l\u00e4stid":"1 minut"},"schema":{"@context":"https:\/\/schema.org","@graph":[{"@type":"WebPage","@id":"https:\/\/heidis.datanom.fi\/stader\/reykjavik\/","url":"https:\/\/heidis.datanom.fi\/stader\/reykjavik\/","name":"Reykjavik - Nordens huvudst\u00e4der","isPartOf":{"@id":"https:\/\/heidis.datanom.fi\/stader\/#website"},"datePublished":"2023-11-21T07:38:26+00:00","dateModified":"2023-11-21T07:38:26+00:00","breadcrumb":{"@id":"https:\/\/heidis.datanom.fi\/stader\/reykjavik\/#breadcrumb"},"inLanguage":"sv-SE","potentialAction":[{"@type":"ReadAction","target":["https:\/\/heidis.datanom.fi\/stader\/reykjavik\/"]}]},{"@type":"BreadcrumbList","@id":"https:\/\/heidis.datanom.fi\/stader\/reykjavik\/#breadcrumb","itemListElement":[{"@type":"ListItem","position":1,"name":"Hem","item":"https:\/\/heidis.datanom.fi\/stader\/"},{"@type":"ListItem","position":2,"name":"Reykjavik"}]},{"@type":"WebSite","@id":"https:\/\/heidis.datanom.fi\/stader\/#website","url":"https:\/\/heidis.datanom.fi\/stader\/","name":"Nordens huvudst\u00e4der","description":"","potentialAction":[{"@type":"SearchAction","target":{"@type":"EntryPoint","urlTemplate":"https:\/\/heidis.datanom.fi\/stader\/?s={search_term_string}"},"query-input":"required name=search_term_string"}],"inLanguage":"sv-SE"}]}},"_links":{"self":[{"href":"https:\/\/heidis.datanom.fi\/stader\/wp-json\/wp\/v2\/pages\/15","targetHints":{"allow":["GET"]}}],"collection":[{"href":"https:\/\/heidis.datanom.fi\/stader\/wp-json\/wp\/v2\/pages"}],"about":[{"href":"https:\/\/heidis.datanom.fi\/stader\/wp-json\/wp\/v2\/types\/page"}],"author":[{"embeddable":true,"href":"https:\/\/heidis.datanom.fi\/stader\/wp-json\/wp\/v2\/users\/1"}],"replies":[{"embeddable":true,"href":"https:\/\/heidis.datanom.fi\/stader\/wp-json\/wp\/v2\/comments?post=15"}],"version-history":[{"count":1,"href":"https:\/\/heidis.datanom.fi\/stader\/wp-json\/wp\/v2\/pages\/15\/revisions"}],"predecessor-version":[{"id":16,"href":"https:\/\/heidis.datanom.fi\/stader\/wp-json\/wp\/v2\/pages\/15\/revisions\/16"}],"wp:attachment":[{"href":"https:\/\/heidis.datanom.fi\/stader\/wp-json\/wp\/v2\/media?parent=15"}],"curies":[{"name":"wp","href":"https:\/\/api.w.org\/{rel}","templated":true}]}}

<p>Reykjavik (isländska Reykjavík), är Islands huvudstad och största stad. Namnet betyder Rökvik eller snarare Rökavik, det vill säga &#8221;rökarnas vik&#8221;. Detta namn fick viken och trakten efter anblicken av gejsrarnas ångpelare, från de varma källor som än idag ligger i närheten.</p>



<p>Reykjavik är världens nordligaste och Europas västligast belägna huvudstad. Staden ligger på latitud 64°08&#8242; N, inte långt från polcirkeln, som ligger på 66°33&#8242; N. Under den mörkaste årstiden lyser solen endast fyra timmar per dag, och under sommaren är det dagsljus nästan dygnet runt. Reykjavik ligger på sydvästra Island, på Faxaflóis södra strand. Den har omkring 120 000 invånare och är mittpunkt för Islands ekonomiska aktivitet.</p>



<p>Reykjavik antas vara den första permanenta bosättningen på Island, den ska grundats omkring år 870 av Ingólfur Arnarson. Fram till 1900-talet fanns dock ingen stadsbebyggelse på platsen. Staden i sig grundades 1786 som en officiell handelsstad och växte kraftigt under de närmaste årtiondena, då den utvecklades till ett regionalt centrum för kommers, befolkning och regeringsaktiviteter.</p>

<p>Reykjavik (isländska Reykjavík), är Islands huvudstad och största stad. Namnet betyder Rökvik eller snarare Rökavik, det vill säga &#8221;rökarnas vik&#8221;. Detta namn fick viken och trakten efter anblicken av gejsrarnas ångpelare, från de varma källor som än idag ligger i närheten. Reykjavik är världens nordligaste och Europas västligast belägna huvudstad. Staden ligger på latitud 64°08&#8242; [&hellip;]</p>

<!-- This site is optimized with the Yoast SEO plugin v21.5 - https://yoast.com/wordpress/plugins/seo/ -->
<title>Reykjavik - Nordens huvudstäder</title>
<meta name="robots" content="index, follow, max-snippet:-1, max-image-preview:large, max-video-preview:-1" />
<link rel="canonical" href="https://heidis.datanom.fi/stader/reykjavik/" />
<meta property="og:locale" content="sv_SE" />
<meta property="og:type" content="article" />
<meta property="og:title" content="Reykjavik - Nordens huvudstäder" />
<meta property="og:description" content="Reykjavik (isländska Reykjavík), är Islands huvudstad och största stad. Namnet betyder Rökvik eller snarare Rökavik, det vill säga &#8221;rökarnas vik&#8221;. Detta namn fick viken och trakten efter anblicken av gejsrarnas ångpelare, från de varma källor som än idag ligger i närheten. Reykjavik är världens nordligaste och Europas västligast belägna huvudstad. Staden ligger på latitud 64°08&#8242; [&hellip;]" />
<meta property="og:url" content="https://heidis.datanom.fi/stader/reykjavik/" />
<meta property="og:site_name" content="Nordens huvudstäder" />
<meta name="twitter:card" content="summary_large_image" />
<meta name="twitter:label1" content="Beräknad lästid" />
	<meta name="twitter:data1" content="1 minut" />
<script type="application/ld+json" class="yoast-schema-graph">{"@context":"https://schema.org","@graph":[{"@type":"WebPage","@id":"https://heidis.datanom.fi/stader/reykjavik/","url":"https://heidis.datanom.fi/stader/reykjavik/","name":"Reykjavik - Nordens huvudstäder","isPartOf":{"@id":"https://heidis.datanom.fi/stader/#website"},"datePublished":"2023-11-21T07:38:26+00:00","dateModified":"2023-11-21T07:38:26+00:00","breadcrumb":{"@id":"https://heidis.datanom.fi/stader/reykjavik/#breadcrumb"},"inLanguage":"sv-SE","potentialAction":[{"@type":"ReadAction","target":["https://heidis.datanom.fi/stader/reykjavik/"]}]},{"@type":"BreadcrumbList","@id":"https://heidis.datanom.fi/stader/reykjavik/#breadcrumb","itemListElement":[{"@type":"ListItem","position":1,"name":"Hem","item":"https://heidis.datanom.fi/stader/"},{"@type":"ListItem","position":2,"name":"Reykjavik"}]},{"@type":"WebSite","@id":"https://heidis.datanom.fi/stader/#website","url":"https://heidis.datanom.fi/stader/","name":"Nordens huvudstäder","description":"","potentialAction":[{"@type":"SearchAction","target":{"@type":"EntryPoint","urlTemplate":"https://heidis.datanom.fi/stader/?s={search_term_string}"},"query-input":"required name=search_term_string"}],"inLanguage":"sv-SE"}]}</script>
<!-- / Yoast SEO plugin. -->

Reykjavik - Nordens huvudstäder

Reykjavik (isländska Reykjavík), är Islands huvudstad och största stad. Namnet betyder Rökvik eller snarare Rökavik, det vill säga &#8221;rökarnas vik&#8221;. Detta namn fick viken och trakten efter anblicken av gejsrarnas ångpelare, från de varma källor som än idag ligger i närheten. Reykjavik är världens nordligaste och Europas västligast belägna huvudstad. Staden ligger på latitud 64°08&#8242; [&hellip;]

Nordens huvudstäder
